**2 + a + 3. Give i(l).
3
Suppose -43*w + 589 = 50 - 192. Let n(i) = i**3 - 16*i**2 - 20*i + 43. Give n(w).
-8
Let j(k) = 69*k - 552. Let y(r) = -2*r - 95. Let u(o) = j(o) - 2*y(o). Give u(5).
3
Let k(f) = f**3 - 14*f**2 + 3*f - 21. Suppose -3*p + 52 = -5*w + 7*w, 5*p - 60 = 2*w. What is k(p)?
21
Let h(q) be the first derivative of 1/2*q**2 + 28*q + 19/3*q**3 + 123 + 1/4*q**4. Calculate h(-19).
9
Let b = -10 - -13. Suppose 12 = -3*f, b*a + 4*f + 14 = -f. Let p(x) be the second derivative of -x**3/6 + x**2/2 + 27*x. Calculate p(a).
-1
Let n(j) = -3*j + 1. Let o(u) = 13*u - 4. Let a(i) = -18*n(i) - 4*o(i). Suppose 45*m - 39*m + 18 = 0. Calculate a(m).
-8
Let h(v) = v - 10. Let z be h(5). Let u = 559 + -553. Let s be 1*-1*u/(6/z). Let d(t) = t**2 - 2*t. Determine d(s).
15
Let f(r) = r**2 + 4*r - 7. Let u be 287 + (-49)/28*-4. Let v = u - 299. What is f(v)?
-2
Let u(v) be the first derivative of v**3/3 + 7*v**2/2 + 9*v + 260006. Let f(k) = -k**2 + 3*k + 6. Let m be f(5). Determine u(m).
-3
Let m(h) = 5*h**2 - 52*h + 65. Let g(p) = p**2 + 3. Let f(v) = -3*g(v) + m(v). Calculate f(25).
6
Let l = -354 - -573. Let m(u) = -l - u + u**2 + 0*u + 427 - 212. Let d be 2/5 - 26/(-10). Determine m(d).
2
Let x(r) = -r**3 - 11*r**2 - 13*r + 31. Suppose 37 = -82*a - 701. Determine x(a).
-14
Let w be (-3210)/(-135) - 2/(-9). Let m = 38 - w. Suppose 3*l = -14 + m. Let q(s) = s**2 + 3. Determine q(l).
3
Let x(d) = 420 + 431 - 854 - 5*d. Calculate x(2).
-13
Let j(v) be the third derivative of 0*v + 0*v**5 + 1/8*v**4 + 1/6*v**3 + 29 - 1/120*v**6 + 2*v**2. Determine j(-2).
3
Suppose 257*i - 262*i - 40 = 5*l, 3*i + 6 = 3*l. Let f(h) = -28*h - 143. What is f(i)?
-3
Let x(q) = -q**2 + 8*q + 17. Let i(g) = 438*g + 1758. Let a be i(-4). Calculate x(a).
29
Let q(t) = t - 8. Suppose b + z - 29 = 0, -3*b - 55 = -5*b - z. Suppose -5*r - k + b = 0, -9*r + 7*r + 3*k + 24 = 0. Determine q(r).
-2
Let t(p) = 3*p - 5*p + 11 + 5. Let z be (25/((-150)/(-8)))/(-2 - 26/(-12)). What is t(z)?
0
Let g(u) = -u - 4. Let z(d) = -d**2 - 8*d - 8. Let q be z(-6). Suppose -q*v - 4 = -16. Determine g(v).
-7
Let f(w) be the third derivative of w**4/24 + 7*w**3/6 + 3*w**2 - 367. Give f(-20).
-13
Let u(t) = t + 2. Let l = -65 + 73. Let c be (0 - 5)*(-1 - (1 + -1)). Suppose -c*d - l = -3*d. What is u(d)?
-2
Suppose -2*k + n = -161, -85 = -5*k - n + 321. Suppose -3*q + k = 6*q. Let z(g) = g + 7*g**2 - 3 - q*g**2 + g**2. Give z(3).
-9
Let h(x) = -2*x - 19. Suppose 32*o = -78 + 78. Determine h(o).
-19
Suppose -g + 2*l = -2*g - 19, -5*l - 20 = 0. Let y(o) = -367519 + 183724 + 183786 - o. Calculate y(g).
2
Let m(l) = -l**3 + 7*l**2 + 5*l + 23. Suppose 90*a - 336 = 48*a. Calculate m(a).
-1
Let z(p) = 7*p**3 + 16*p**2 - 14*p + 2. Let y(h) = -4*h**3 - 11*h**2 + 7*h - 1. Let r(i) = -5*y(i) - 3*z(i). Determine r(8).
-9
Let s(i) = 2*i**2 - 2*i + 2. Let a be s(2). Let o(d) = -a*d + 1714 - 1713 + 4*d. Calculate o(-4).
9
Suppose 41*c - 68*c + 189 = 0. Suppose 3 - 1 = f. Let a(w) = 9 + w**3 + 2*w**2 - 4*w**f - 5*w**2. Determine a(c).
9
Let x(m) = 127*m**3 + 7*m**2 - 14*m - 11. Let r(i) = 487*i**3 + 28*i**2 - 57*i - 46. Let u(l) = 6*r(l) - 23*x(l). What is u(-9)?
-5
Let i(k) = -4*k - 8. Let z(x) = -8*x**3 - 3*x**2 + 5*x - 4. Let w be z(1). Determine i(w).
32
Suppose -3*r + 9 = 0, -q - r + 16 = 6. Suppose 39 = 9*x - 5*x - h, 15 = 2*x + h. Suppose -q = 16*f - x*f. Let o(v) = 16*v**2 + v + 1. Give o(f).
16
Let r(g) = -2*g**3 + 21*g**2 - 7*g - 23. Let a be r(10). Suppose 2*c = 4*z - 6, 8*z = a*z + c + 3. Let l(h) = 53 - 3*h + 2*h - 62. Determine l(z).
-9
Let u(p) = -2*p**2 - 89*p + 39*p - 17*p + 36*p**2 + 217 - 116 - p**3. Calculate u(32).
5
Let d(b) = -5*b - 51. Let w be d(-11). Suppose -10 = 3*l - 2*x - 28, 2*x = w*l - 26. Let f(u) = 2*u - 2. What is f(l)?
14
Let f(c) = 5*c - 1. Let t be (-7435)/75 + 5*2/75. Let k = t + 98. What is f(k)?
-6
Let g(s) be the first derivative of -s**4/4 + 5*s**3/3 - 2*s**2 + 12. Suppose 0 = -5*y - 20, 2*k = 4*k - 4*y - 34. Let v = k + -5. Calculate g(v).
0
Let r = -59 - -264. Let i = r - 211. Let z(v) = v**3 + 6*v**2 - 5. Give z(i).
-5
Let l(d) = -76*d**2 + 16*d - 19 + 61*d**2 - d - d**3. Give l(-16).
-3
Let j = -289 - -297. Let c(a) = -2*a**2 - 3*a**3 + 3*a + 2*a + 7*a**3 + 3 - j*a. Give c(2).
21
Let y(g) = 7*g + 83. Let o(j) = -j**2 + 58*j - 523. Let k be o(47). Give y(k).
41
Suppose -9*y + 32 = -31. Let p(b) = -1918 + 1928 + 4*b**3 - 10*b - 3*b**3 - y*b**2. Suppose 4*a + j - 34 = 0, 0*j + 4 = 2*j. Determine p(a).
-6
Let i(q) = -3*q**2 + 40. Let s(b) = -11*b**2 + b + 137. Let h(r) = -7*i(r) + 2*s(r). Let j = -1 + -4. What is h(j)?
-41
Let q(a) = 5*a**2 + 2*a + 1. Let k = 38 + -28. Let v be 2/(-4) + k/20. Suppose v = -4*r - 11 + 7. Determine q(r).
4
Let f(s) be the second derivative of s**7/840 + s**6/360 - s**4/2 - 17*s + 2. Let o(d) be the third derivative of f(d). Determine o(-2).
8
Suppose 2*h = -3*x - 31, 21 = 60*x - 57*x. Let c(b) = -b**2 - 28*b - 50. What is c(h)?
2
Let d(v) = -67*v**2 + 11*v + 11. Let l(w) = -45*w**2 + 7*w + 7. Let c(m) = -5*d(m) + 8*l(m). Let h(y) = -28*y**2 + 129*y + 233. Let s be h(6). Give c(s).
-25
Let s(z) = z - 21. Let t(y) = 395*y**3 - 2*y**2 - 6*y - 2. Let l be t(-1). Let p = -378 - l. Give s(p).
-6
Let p(r) = -8*r**3 - 106*r**2 + 81*r - 45. Let o be p(-14). Let v(q) be the first derivative of -3*q**2/2 + 2*q + 2. Give v(o).
11
Suppose 36 = -4*q - 11*l + 16*l, 3*l = 5*q + 32. Let f be 1 + 1 + (-7 - q). Let s(r) = 10*r - 1. Calculate s(f).
-11
Let a(v) be the third derivative of -v**7/42 - v**6/180 + v**5/60 - v**4/24 + 31*v**3/6 + 36*v**2. Let n(f) be the first derivative of a(f). What is n(1)?
-21
Let m = 146 + -160. Let a be 1/(m - -6) + 23/(-8). Let o(r) = r**2 - r - 4. Calculate o(a).
8
Let y(q) = -q**2 - 20*q - 31. Suppose 166*v = -2058 - 432. Determine y(v).
44
Let q(i) = -31 + 88*i + 96*i - 360*i + 87*i + 92*i. What is q(15)?
14
Let x = 24650 - 24640. Let l(u) = -2*u**3 + 22*u**2 - 19*u + 2. Calculate l(x).
12
Let z(i) be the first derivative of -i**4/2 + 5*i**3 - 7*i**2 + 54*i - 7178. Determine z(7).
5
Let b(y) = 16*y + 27. Let k(p) = 7*p + 13. Let g(h) = 4*b(h) - 9*k(h). Give g(-6).
-15
Let u(r) = r**2 - 9*r - 10. Let o = 359 + -423. Let h be (12/(-9))/(2 + o/30). Determine u(h).
0
Suppose d = q + 1 + 2, 3*q = 4*d - 10. Let z(s) = 2*s**2 + 7 + 2*s**2 - 9*s**2 + s - 7. What is z(q)?
-22
Let s(p) = -p**2 - 11*p - 14. Let b(j) = -2*j**2 + 50*j + 520. Let u be b(33). Determine s(u).
10
Let s = -1 - -2. Let z(x) = -4*x - 29. Let n(o) = 2*o**2 - 12*o + 18. Let d be n(5). Let k(j) = -j - 11. Let g(r) = d*k(r) - 3*z(r). What is g(s)?
3
Let a(q) = -q**3 - 51*q**2 - 187*q + 47. Suppose -4*l = -3*h - 173, 27*l - 24 = 24*l. What is a(h)?
0
Let m(v) be the first derivative of v**3/3 + v**2/2 - 5*v - 6148. Give m(5).
25
Let k(u) be the third derivative of -1/24*u**4 + 0*u + 2/3*u**3 + 61*u**2 + 0. Suppose -3*p = -4 + 16. What is k(p)?
8
Let w(l) = -l + 1. Let y(t) = -t - 4. Let r be y(-6). Suppose 0 = k + 2, 2*f - 5*k - 30 = 0. Suppose -2*g - r*g + 44 = -5*b, 3*g - f = -2*b. Calculate w(g).
-5
Let m(v) = -28*v - 9*v + 17 - 28*v - 23 - 14*v**2. Let h(p) = -9*p**2 - 43*p - 4. Let t(i) = -8*h(i) + 5*m(i). What is t(-9)?
-7
Let t = -11697 - -11691. Let v(z) = 4*z + 17. What is v(t)?
-7
Let m = -6647 - -6628. Let b(c) = -c**2 - 20*c + 14. What is b(m)?
33
Let y(o) = 8*o + 1. Let q(c) = 2*c**2 - 61*c - 2. Let k be q(0). Determine y(k).
-15
Let u(l) = -2*l**2 - 10*l - 14. Let w(x) = x**2 + 5*x + 8. Let y(g) = 4*u(g) + 7*w(g). Let b(c) = c**3 - 4*c**2 - 3*c + 6. Let n be b(4). Determine y(n).
-6
Let m(q) = -2*q + 6. Let x(w) be the second derivative of -w**5/20 + w**4/6 + 5*w**3/3 - 8*w**2 - 34*w. Let b be x(3). Calculate m(b).
-4
Let v(q) be the second derivative of -q**5/20 + 7*q**4/12 - 5*q**3/3 + 20*q**2 - 134*q + 6. Give v(6).
16
Let q = 114 + -112. Let y(z) = -4*z**2 + 6*z - 4. Let d(w) = 4*w**2 - 7*w + 5. Let u(h) = -2*d(h) - 3*y(h). What is u(q)?
10
Let r(x) = -x + 1. Suppose 12 = -14*y + 26*y. Suppose -10 + y = 3*g, 0 = -2*c - 4*g - 14. Calculate r(c).
2
Let b(f) be the second derivative of f**6/180 + f**5/60 - f**4/8 + 17*f**3/6 + f**2 + 65*f. Let l(c) be the second derivative of b(c). Calculate l(3).
21
Let z(m) be the first derivative of -3/2*m**2 - 